t b be (-8)/6 + 322582/57. Suppose -3*q = -b + 1902. List the prime factors of q.
2, 313
Let q = 4279 + -4280. Let h(g) = 4*g + 101*g**2 - 2*g + 6*g + 9. What are the prime factors of h(q)?
2, 3, 17
Suppose 0 = 486*m - 405*m - 3216591. What are the prime factors of m?
3, 7, 31, 61
Let k be (-81)/(-15) + (8/5 - 2). Suppose -126 = 4*f - k*l - 1207, -l + 259 = f. Let j = 384 - f. What are the prime factors of j?
2, 3, 5
What are the prime factors of (-6)/(-51) - (-6712137)/493?
5, 7, 389
Suppose 3*s = -5*m + 9, -5*m - 5*s + 2 + 3 = 0. Suppose 0 = m*v + 4*g - 510, 0 = -g - 0 + 3. List the prime factors of v.
2, 83
Let r(t) = -t + 2. Let o(x) = x - 5. Let d(f) = -3*o(f) - 5*r(f). Let l be d(-5). Let h = l - -36. List the prime factors of h.
31
Let n = -8382 + 9841. List the prime factors of n.
1459
Suppose 22*a = i + 20*a - 443, -5*a = -4*i + 1757. Let v = -215 + i. What are the prime factors of v?
2, 109
Let d(n) = -2*n**3 - 11*n**2 + 11*n + 44. Let y = -561 - -549. List the prime factors of d(y).
2, 223
Suppose 0 = -5*b + 175 + 55. Let y = b + -48. What are the prime factors of (y - 10)*(93/(-12) + -3)?
3, 43
Let t(n) = -227*n + 7. Let v be t(1). Let w = 378 + v. Suppose -c + w = 3*f - f, -8 = 4*c. What are the prime factors of f?
2, 5
Suppose 4*w + 18364 = 3*j, -8*j - w = -3*j - 30622. Suppose -7*s = -z - 12*s + 1219, -5*z + j = -4*s. What are the prime factors of z?
2, 3, 17
Let x(q) = 2*q**2 + 33*q + 281. List the prime factors of x(-59).
2, 331
List the prime factors of ((-565845)/10)/(-7) - (-2)/(-16)*4.
59, 137
Let c(k) = 54*k - 61. Let d = -182 - -187. What are the prime factors of c(d)?
11, 19
Suppose -326*c + 286*c = -443000. List the prime factors of c.
5, 443
Suppose 0 = d + 3*u - 13, 4 = 3*d - u - 5. Let t(i) = d*i**3 - 4*i**3 - 7 - 4*i - 3*i**3 + i**3. List the prime factors of t(-2).
17
Suppose 0 = -2*v - y + 21473, -2*v - 11*y = -7*y - 21464. What are the prime factors of v?
2, 7, 13, 59
Suppose -3*m + 6 = -4*u - 29, 20 = -3*u + m. Let k(o) be the second derivative of -o**5/20 + o**4/6 + o**3/6 - o**2/2 + 2*o. List the prime factors of k(u).
13
Suppose 0 = -2*q + 2*l + 3064, -4620 = -3*q - 0*l - 3*l. List the prime factors of q.
2, 3
Let j(y) = 5*y**3 + 11*y**2 + 2*y - 26. Let n be j(6). Let u = -437 + n. List the prime factors of u.
5, 41
Suppose -5*b = -3*r - 7765, 4*b + r + 0*r = 6195. Suppose -4*k = -2*n + b, n - 856 = -2*k - 101. List the prime factors of n.
3, 5, 17
Suppose -10*y - 17 + 447 = 0. Suppose 4*w - y = -15. Let v(h) = -h**3 + 11*h**2 - 9*h - 2. What are the prime factors of v(w)?
131
Let x(l) = l**3 - 2*l**2 - 18*l + 40. Let f be x(14). Let r = f - 543. What are the prime factors of r?
1597
Let t(h) = 154*h**2 + 21*h + 67. Let r be t(-14). Suppose r = 32*o - 18811. What are the prime factors of o?
2, 3, 127
Let r = -26 - -18. Let h(n) = 4*n**2 - 4*n - 86. Let x be h(-4). What are the prime factors of (r/x)/((-13)/(-546))?
2, 7
Let c = 115146 - 61816. What are the prime factors of c?
2, 5, 5333
Let t be (-18 - -22) + -8 + 4*1. Let z be (-1)/(-3) - (-20)/12. Suppose 5*s - z*a + 0*a = 385, -5*s + 5*a + 385 = t. What are the prime factors of s?
7, 11
Suppose -499824 = -262*j + 226*j. List the prime factors of j.
2, 3, 13, 89
Let d(j) = -j**3 + 10*j**2 - 7*j + 12. Let g(k) = -2*k + 12. Let m be g(3). Suppose m = -2*q + 22. What are the prime factors of d(q)?
2, 3, 7
Let t(i) = i**3 - 15*i**2 - 11*i - 10. Let c be (-483)/(-28) - (-1)/(-4). List the prime factors of t(c).
3, 127
Let p(n) = -222*n + 7. Let x be p(-2). Suppose x = 2*i - 607. What are the prime factors of i?
23
Let l = 19 + -19. Suppose 2*a - 5*j = 474, -4*a + 928 = -l*j - 5*j. What are the prime factors of a?
227
Suppose -1698 + 10174 = 3*x - 5*i, -2*x - 2*i = -5624. What are the prime factors of (-5)/(-20) - x/(-12)?
5, 47
Let z = 33147 - 8350. What are the prime factors of z?
137, 181
Let i(u) = -4*u**2 + 21*u - 24. Let c be i(9). Let s = -35 + c. Let o = s - -400. What are the prime factors of o?
2, 103
Let r be ((-158)/4)/(-5*5/(-50)). Let g = -76 - r. List the prime factors of g/((-3)/(-227)) + 5.
2, 29
Let d = 138 - 57. Suppose -1 - d = 2*x. List the prime factors of ((-3)/(-9))/(x/42 + 1).
2, 7
Let d be 5/(20/16) - 4. Suppose -g + d*g = -84. Suppose 3*s + 6 = g. List the prime factors of s.
2, 13
Suppose -71*q + 20*q + 808911 = 0. List the prime factors of q.
3, 17, 311
Suppose 3*q - 5 + 2 = -4*s, -3*s - 3*q + 3 = 0. Suppose p + 2*m + s - 8 = 0, -3*m = -12. Suppose 2*g + 0*g - 200 = p. List the prime factors of g.
2, 5
Let b be (-21584)/12 + 2*2/(-3). Let q = b - -3577. List the prime factors of q.
1777
Let j = -938 - -2971. What are the prime factors of j?
19, 107
Suppose 3623*c = 3618*c + 131298 + 205072. What are the prime factors of c?
2, 33637
Suppose 0 = 5*a - 3*s + 128, 4*a + 5*s + 89 = -43. Let y = 55 + a. Suppose -696 = y*r - 35*r. List the prime factors of r.
3, 29
Let l(s) = s**2 + 12*s - 10. Let b be l(-13). Let h be 11/b*3 - 1. List the prime factors of ((-15)/h)/((-6)/548).
137
Let c = -344 - -550. Let m = -94 + c. Let l = m + -36. List the prime factors of l.
2, 19
Suppose 3*j = -12, -219 + 2434 = q + 5*j. Let f = q + -613. List the prime factors of f.
2, 811
Let c be (-5)/(-5)*(-3 - 0) + 9. Suppose 0 = -2*k + c*k + 4, 2*h - 3*k - 1361 = 0. List the prime factors of h.
7, 97
Suppose 116*h = 113*h + 11028. What are the prime factors of h?
2, 919
List the prime factors of (107460/(-120))/(3/(-4)).
2, 3, 199
Let s(i) = 209*i**2 + 339*i - 3718. List the prime factors of s(11).
2, 5, 11, 23
Suppose -14*y = 6*y. Suppose -2*v + 476 = -4*l, -5*v + 1217 = -l - y*l. What are the prime factors of v?
2, 61
Let i = -742 + 2765. Suppose -34*m - i = -18071. What are the prime factors of m?
2, 59
Let u(b) be the first derivative of 0*b**3 - 1/4*b**4 + 19*b - 8 + 1/2*b**2. List the prime factors of u(0).
19
Suppose -31*d + 5*d + 4160 = 0. Suppose d = -q + 724. List the prime factors of q.
2, 3, 47
Suppose -61*h + 43*h = -323298. List the prime factors of h.
3, 5987
Let w(v) = -v**2 - 5*v - 4. Let l = -84 - -82. Let t be w(l). List the prime factors of ((-34)/3)/(t/(-21)).
7, 17
Let f(c) = -11*c + 13. Let l be f(1). Suppose -86 = -5*w - 5*r + r, -l*w = -5*r - 8. List the prime factors of w.
2, 7
Suppose 27*l - 87199 = 14*l + 6*l. What are the prime factors of l?
12457
Let l(j) = 2*j**2 + 19*j + 13. Suppose 5*o + 2*g = 15, -4*o - o = -5*g - 50. Suppose o*r - 2*r + 36 = 0. What are the prime factors of l(r)?
73
Suppose 2*r - 4600 = -4*l + 4066, -8669 = -2*r - l. List the prime factors of r.
3, 5, 17
Suppose -12 = -4*l - 4*n, 2*n = 3*l + n - 13. Suppose 0 = l*d + 4*v + 88, 4*d - 2*v - 4 = -86. Let i = d - -79. List the prime factors of i.
2, 29
Suppose 3*n - 23 = 2*d - 4, 0 = 2*n + 5*d. Suppose -5*i - 27 = -3*l, -29 = 6*i - 2*i + n*l. Let w(a) = -a**2 - 8*a + 2. List the prime factors of w(i).
2, 7
Let k be (4 - 1)/(9/15). Suppose z - 6 = 3*w, -2*z = -2*w + k*w + 24. List the prime factors of (-11)/((-16)/z + -3).
3, 11
Suppose 21 = 3*b + 3*o - 651, -o + 2 = 0. Suppose -15*m - 226 = -481. Suppose -m*u = -19*u + b. What are the prime factors of u?
3, 37
Let y be ((-18098)/12 - (-1)/6) + 2. List the prime factors of y/(-4) + ((-7)/14 - 0).
2, 47
Let i(w) = -w - 14 - 16*w + 0*w - 10. Let t be i(-6). Let g = 138 - t. What are the prime factors of g?
2, 3, 5
Let b = -14197 + 53961. What are the prime factors of b?
2, 9941
Suppose -28*p - 55*p + 1750802 = 0. List the prime factors of p.
2, 53, 199
Suppose -4*f + 1230 = -4086. Suppose -2*m + 642 = -4*i, i + 0*i = -4*m + f. What are the prime factors of m?
331
What are the prime factors of (-3474)/4053 - 94261/(-7)?
5, 2693
Let j(n) = -n**2 - 2*n + 4. Let z be j(-4). Let b(o) = -2*o - 8. Let u be b(z). Suppose -110 = -5*m - u*m. List the prime factors of m.
2, 11
Let j = -456 - -460. Suppose -w + 1112 = -5*g, -j*w + 5*g - 2*g + 4431 = 0. List the prime factors of w.
3, 41
Suppose 3*v + 44 = -157. Let h = v + 74. Suppose 13*g - 918 = h*g. What are the prime factors of g?
3, 17
Let s(u) = -u**3 - 18*u**2 - 26*u + 48. Let w be s(-16). Let o = -38 - -57. Let d = o - w. List the prime factors of d.
67
Let g(f) = 13*f**2 - 24*f + 255. List the prime factors of g(-17).
2, 5, 13, 17
What are the prime factors of -2 +